{"id":30,"date":"2024-12-09T21:44:35","date_gmt":"2024-12-09T21:44:35","guid":{"rendered":"https:\/\/humanitieslab.goucher.edu\/argentina\/?page_id=30"},"modified":"2024-12-09T21:44:35","modified_gmt":"2024-12-09T21:44:35","slug":"geografia","status":"publish","type":"page","link":"https:\/\/humanitieslab.goucher.edu\/argentina\/geografia\/","title":{"rendered":"Geograf\u00eda"},"content":{"rendered":"\n<p class=\"has-text-align-left\">En esta p\u00e1gina, vas a ver los aspectos geogr\u00e1ficos de Argentina. Presta atenci\u00f3n a los mapas que muestran m\u00e1s profundamente los diferentes temas relacionados a la geograf\u00eda.<\/p>\n\n\n\n<h2 class=\"wp-block-heading\">\u00bfD\u00f3nde esta Argentina?<\/h2>\n\n\n\n<p>Argentina est\u00e1 ubicado en el sur de Am\u00e9rica del Sur, en la costa al este, y a lado de Chile (con quien comparten los Andes) al oeste, y esta al sur de Paraguay y Bolivia, y Uruguay est\u00e1 el pa\u00eds al este. Buenos Aires es el capital y est\u00e1 en la costa de pa\u00eds.<\/p>\n\n\n\n<figure class=\"wp-block-image size-large is-resized\"><img decoding=\"async\" src=\"https:\/\/cdn.britannica.com\/83\/183583-050-B79EFF03\/World-Data-Locator-Map-Argentina.jpg\" alt=\"\" style=\"width:419px;height:auto\" \/><figcaption class=\"wp-element-caption\"><a href=\"https:\/\/www.britannica.com\/place\/Argentina\">https:\/\/www.britannica.com\/place\/Argentina<\/a><strong><br><\/strong><\/figcaption><\/figure>\n\n\n\n<h2 class=\"wp-block-heading\">Buenos Aires: el capital <\/h2>\n\n\n\n<p>Buenos Aires est\u00e1 en la costa al noroeste del R\u00edo de la Plata<\/p>\n\n\n\n<figure class=\"wp-block-image size-large is-resized\"><img decoding=\"async\" src=\"https:\/\/cdn.britannica.com\/72\/166872-050-3984B7F8\/Buenos-Aires-Argentina.jpg\" alt=\"\" style=\"width:428px;height:auto\" \/><figcaption class=\"wp-element-caption\"><a href=\"https:\/\/www.britannica.com\/place\/Buenos-Aires\">https:\/\/www.britannica.com\/place\/Buenos-Aires<\/a><br><strong>Ves el circulo blanco a lado derecho para ver donde est\u00e1 ubicado Buenos Aires<\/strong><\/figcaption><\/figure>\n\n\n\n<h2 class=\"wp-block-heading\">La Poblaci\u00f3n<\/h2>\n\n\n\n<div class=\"wp-block-media-text is-stacked-on-mobile\" style=\"grid-template-columns:48% auto\"><figure class=\"wp-block-media-text__media\"><img loading=\"lazy\" decoding=\"async\" width=\"600\" height=\"963\" src=\"https:\/\/humanitieslab.goucher.edu\/argentina\/wp-content\/uploads\/sites\/27\/2024\/12\/image.png\" alt=\"\" class=\"wp-image-42 size-full\" srcset=\"https:\/\/humanitieslab.goucher.edu\/argentina\/wp-content\/uploads\/sites\/27\/2024\/12\/image.png 600w, https:\/\/humanitieslab.goucher.edu\/argentina\/wp-content\/uploads\/sites\/27\/2024\/12\/image-187x300.png 187w\" sizes=\"auto, (max-width: 600px) 100vw, 600px\" \/><\/figure><div class=\"wp-block-media-text__content\">\n<p class=\"has-text-align-center\">Buenos Aires tiene la concentraci\u00f3n m\u00e1s grande de ciudadanos, seguido con la regi\u00f3n noreste de pa\u00eds.<\/p>\n\n\n\n<p class=\"has-text-align-center\"><strong>\u00bfSabes porque el sur tiene poca poblaci\u00f3n?<\/strong><\/p>\n\n\n\n<p class=\"has-text-align-center\">La Patagonia argentina esta situada en el sur de pa\u00eds, y no hay muchos habitantes en esta \u00e1rea porque hay inestabilidad social y econ\u00f3mico y tambi\u00e9n el clima es err\u00e1tico.<\/p>\n\n\n\n<p><a href=\"https:\/\/www.researchgate.net\/figure\/Argentina-Population-density-Reproduced-from-https-wwweducar-sitios-educar_fig1_337225385\">https:\/\/www.researchgate.net\/figure\/Argentina-Population-density-Reproduced-from-https-wwweducar-sitios-educar_fig1_337225385<\/a><\/p>\n<\/div><\/div>\n\n\n\n<h2 class=\"wp-block-heading\">El clima<\/h2>\n\n\n\n<p>Argentina est\u00e1 en la zona subtropical de Am\u00e9rica de Sur y tiene clima diverso con estaciones y condiciones espec\u00edficos.<\/p>\n\n\n\n<figure class=\"wp-block-image size-large is-resized\"><img decoding=\"async\" src=\"https:\/\/upload.wikimedia.org\/wikipedia\/commons\/thumb\/9\/96\/Argentina_mapa_climas.svg\/499px-Argentina_mapa_climas.svg.png\" alt=\"\" style=\"width:344px;height:auto\" \/><figcaption class=\"wp-element-caption\"><a href=\"https:\/\/commons.wikimedia.org\/wiki\/File:Argentina_mapa_climas.svg\">https:\/\/commons.wikimedia.org\/wiki\/File:Argentina_mapa_climas.svg<\/a><br>\u00a1<strong>Aqu\u00ed puedes ver un mapa del clima y las regiones con climas diferentes!<\/strong><\/figcaption><\/figure>\n\n\n\n<h2 class=\"wp-block-heading\">Recursos geogr\u00e1ficos importantes<\/h2>\n\n\n\n<div class=\"wp-block-group has-global-padding is-layout-constrained wp-block-group-is-layout-constrained\">\n<div class=\"wp-block-columns is-layout-flex wp-container-core-columns-is-layout-28f84493 wp-block-columns-is-layout-flex\">\n<div class=\"wp-block-column is-layout-flow wp-block-column-is-layout-flow\">\n<div class=\"wp-block-columns is-layout-flex wp-container-core-columns-is-layout-28f84493 wp-block-columns-is-layout-flex\">\n<div class=\"wp-block-column is-layout-flow wp-block-column-is-layout-flow\">\n<figure class=\"wp-block-image size-large\"><img decoding=\"async\" src=\"https:\/\/peakvisor.com\/photo\/Andes-Mountains-Argentina-Cerro-Aconcagua.jpg\" alt=\"\" \/><figcaption class=\"wp-element-caption\"><a href=\"https:\/\/peakvisor.com\/range\/andes-chile-argentina.html\">https:\/\/peakvisor.com\/range\/andes-chile-argentina.html<\/a><br><strong>La cordillera Andes<\/strong><\/figcaption><\/figure>\n\n\n\n<div class=\"wp-block-group has-global-padding is-layout-constrained wp-block-group-is-layout-constrained\">\n<details class=\"wp-block-details is-layout-flow wp-block-details-is-layout-flow\"><summary>Haz clic para leer sobre Los Andes<\/summary>\n<p>Los Andes sirven como una barrera natural entre Argentina y Chile, que son a lado de la otra.&nbsp;El punto m\u00e1s alto en todos los Andes es Aconcagua que es 6,962 metres, y est\u00e1 ubicado en Argentina. Los Andes tienen una ecosistema muy \u00fanico porque la altitud var\u00eda mucho entre Aconcagua, y tan bajo como el nivel del mar.&nbsp;Los Andes tengan un rol importante en la historia de la regi\u00f3n porque fuera el hogar de los Inca.<\/p>\n<\/details>\n<\/div>\n<\/div>\n\n\n\n<div class=\"wp-block-column is-layout-flow wp-block-column-is-layout-flow\">\n<figure class=\"wp-block-image size-large is-resized\"><img decoding=\"async\" src=\"https:\/\/upload.wikimedia.org\/wikipedia\/commons\/0\/0b\/Rio_de_la_Plata_BA_2.JPG\" alt=\"\" style=\"width:300px;height:auto\" \/><figcaption class=\"wp-element-caption\"><a href=\"https:\/\/en.wikipedia.org\/wiki\/R%C3%ADo_de_la_Plata\">https:\/\/en.wikipedia.org\/wiki\/R%C3%ADo_de_la_Plata<\/a><br><strong>El R\u00edo de la Plata<\/strong><\/figcaption><\/figure>\n\n\n\n<div class=\"wp-block-group has-global-padding is-layout-constrained wp-block-group-is-layout-constrained\">\n<details class=\"wp-block-details is-layout-flow wp-block-details-is-layout-flow\"><summary>Haz clic para leer sobre El R\u00edo de La Plata<\/summary>\n<p>El R\u00edo de la Plata es un estuario conectado con el Oc\u00e9ano Atl\u00e1ntico y separa a Argentina y Uruguay. Hay 2 otros r\u00edos que combinan para crear el Rio de la Plata: el Uruguay, y la Paran\u00e1. Cuando el conquistador Sebasti\u00e1n Cabot estaba en la regi\u00f3n, lo adquiri\u00f3 algunas piezas (o trinkets) de plata, de los Guaran\u00ed, una grupa ind\u00edgena que vivi\u00f3 cerca de Asunci\u00f3n, Uruguay. Por esto, Cabot usa el nombre \u201cEl R\u00edo de la Plata\u201d y ahora el nombre es la misma.<br><\/p>\n<\/details>\n<\/div>\n<\/div>\n<\/div>\n<\/div>\n<\/div>\n\n\n\n<div class=\"wp-block-group has-global-padding is-layout-constrained wp-block-group-is-layout-constrained\">\n<p class=\"has-text-align-center\">Estos dos monumentos naturales son en lados opuestos de Argentina, y los dos no solo son partes de Argentina:<\/p>\n\n\n\n<p>Los Andes corren por todo el continente, entre Per\u00fa, Argentina, Chile, Colombia, Bolivia, Venezuela, y Ecuador.<\/p>\n\n\n\n<p>El R\u00edo de la Plata esta conectado con Uruguay y Argentina.<\/p>\n\n\n\n<p>La mayoridad de la poblaci\u00f3n de Argentina vive cerca del <strong>R\u00edo de la Plata<\/strong> que los Andes, en parte porque Buenos Aires es cerca del rio, y tambi\u00e9n porque es m\u00e1s cerca de los recursos necesarios para vivir.&nbsp;<\/p>\n\n\n\n<p><strong>Importancia pol\u00edtica del R\u00edo de la Plata:<\/strong><\/p>\n<\/div>\n<\/div>\n\n\n\n<p>El R\u00edo de la Plata lleva importancia pol\u00edtica ya que su costa es el lugar en donde se estableci\u00f3 la ciudad de Buenos Aires, el capital y la ciudad m\u00e1s grande del pa\u00eds, originalmente en 1536. La importancia de Buenos Aires como centro econ\u00f3mico, y su ubicaci\u00f3n cerca al R\u00edo de la Plata, hizo que muchos inmigrantes que vinieron a Argentina entraron el pa\u00eds por el puerto de Buenos Aires durante el fin del Siglo XIX-inicio del Siglo XX. La poblaci\u00f3n inmigrante durante esta \u00e9poca era compuesta mayoritariamente por italianos y espa\u00f1oles, aunque tambi\u00e9n los jud\u00edos, alemanes, franceses, y eslavos constitu\u00edan poblaciones significativas.<br><\/p>\n\n\n\n<p><strong>Importancia econ\u00f3mica del R\u00edo de la Plata:<\/strong><\/p>\n\n\n\n<p>Con respecto a la econom\u00eda, el R\u00edo de la Plata crea un ambiente excelente para el desarrollo de ganader\u00eda. El R\u00edo de la Plata tambi\u00e9n sirve para facilitar el transporte de carga a los varios puertos, como el Puerto de Buenos Aires y el Puerto de Rosario (que se ubica en el R\u00edo Paran\u00e1, uno de los r\u00edos constituyentes del R\u00edo de la Plata). M\u00e1s todav\u00eda, el R\u00edo tiene mucha biodiversidad, y especies como el delf\u00edn del plata se encuentra \u00fanicamente aqu\u00ed; tal diversidad ecol\u00f3gico es uno de los motivos para el turismo en la regi\u00f3n dado la originalidad de fauna que se encuentra aqu\u00ed.<br><\/p>\n","protected":false},"excerpt":{"rendered":"<p>En esta p\u00e1gina, vas a ver los aspectos geogr\u00e1ficos de Argentina. Presta atenci\u00f3n a los mapas que muestran m\u00e1s profundamente los diferentes temas relacionados a la geograf\u00eda. \u00bfD\u00f3nde esta Argentina? Argentina est\u00e1 ubicado en el sur de Am\u00e9rica del Sur, en la costa al este, y a lado de Chile (con quien comparten los Andes) [&hellip;]<\/p>\n","protected":false},"author":57,"featured_media":0,"parent":0,"menu_order":0,"comment_status":"closed","ping_status":"closed","template":"","meta":{"_monsterinsights_skip_tracking":false,"_monsterinsights_sitenote_active":false,"_monsterinsights_sitenote_note":"","_monsterinsights_sitenote_category":0,"footnotes":""},"class_list":["post-30","page","type-page","status-publish","hentry"],"_links":{"self":[{"href":"https:\/\/humanitieslab.goucher.edu\/argentina\/wp-json\/wp\/v2\/pages\/30","targetHints":{"allow":["GET"]}}],"collection":[{"href":"https:\/\/humanitieslab.goucher.edu\/argentina\/wp-json\/wp\/v2\/pages"}],"about":[{"href":"https:\/\/humanitieslab.goucher.edu\/argentina\/wp-json\/wp\/v2\/types\/page"}],"author":[{"embeddable":true,"href":"https:\/\/humanitieslab.goucher.edu\/argentina\/wp-json\/wp\/v2\/users\/57"}],"replies":[{"embeddable":true,"href":"https:\/\/humanitieslab.goucher.edu\/argentina\/wp-json\/wp\/v2\/comments?post=30"}],"version-history":[{"count":9,"href":"https:\/\/humanitieslab.goucher.edu\/argentina\/wp-json\/wp\/v2\/pages\/30\/revisions"}],"predecessor-version":[{"id":100,"href":"https:\/\/humanitieslab.goucher.edu\/argentina\/wp-json\/wp\/v2\/pages\/30\/revisions\/100"}],"wp:attachment":[{"href":"https:\/\/humanitieslab.goucher.edu\/argentina\/wp-json\/wp\/v2\/media?parent=30"}],"curies":[{"name":"wp","href":"https:\/\/api.w.org\/{rel}","templated":true}]}}