{"id":2,"date":"2024-09-05T17:12:07","date_gmt":"2024-09-05T17:12:07","guid":{"rendered":"https:\/\/humanitieslab.goucher.edu\/venezuela\/?page_id=2"},"modified":"2024-12-11T15:27:58","modified_gmt":"2024-12-11T15:27:58","slug":"sample-page","status":"publish","type":"page","link":"https:\/\/humanitieslab.goucher.edu\/venezuela\/sample-page\/","title":{"rendered":"Venezuela Geographia"},"content":{"rendered":"\n<h2 class=\"wp-block-heading\"><strong>Lago de Maracaibo<\/strong><\/h2>\n\n\n\n<blockquote class=\"wp-block-quote is-layout-flow wp-block-quote-is-layout-flow\">\n<p><strong>2023 comenz\u00f3 en Venezuela con denuncias de al menos cinco derrames petroleros y fugas de gas en el Lago de Maracaibo, el m\u00e1s grande de Sudam\u00e9rica.<\/strong><br><\/p>\n<\/blockquote>\n\n\n\n<blockquote class=\"wp-block-quote is-layout-flow wp-block-quote-is-layout-flow\">\n<figure class=\"wp-block-image size-full is-resized\"><img loading=\"lazy\" decoding=\"async\" width=\"599\" height=\"337\" src=\"https:\/\/humanitieslab.goucher.edu\/venezuela\/wp-content\/uploads\/sites\/28\/2024\/12\/image-1.png\" alt=\"\" class=\"wp-image-26\" style=\"width:631px;height:auto\" srcset=\"https:\/\/humanitieslab.goucher.edu\/venezuela\/wp-content\/uploads\/sites\/28\/2024\/12\/image-1.png 599w, https:\/\/humanitieslab.goucher.edu\/venezuela\/wp-content\/uploads\/sites\/28\/2024\/12\/image-1-300x169.png 300w\" sizes=\"auto, (max-width: 599px) 100vw, 599px\" \/><\/figure>\n<\/blockquote>\n\n\n\n<blockquote class=\"wp-block-quote is-layout-flow wp-block-quote-is-layout-flow\">\n<figure class=\"wp-block-image size-full\"><img loading=\"lazy\" decoding=\"async\" width=\"583\" height=\"592\" src=\"https:\/\/humanitieslab.goucher.edu\/venezuela\/wp-content\/uploads\/sites\/28\/2024\/12\/image.png\" alt=\"\" class=\"wp-image-25\" srcset=\"https:\/\/humanitieslab.goucher.edu\/venezuela\/wp-content\/uploads\/sites\/28\/2024\/12\/image.png 583w, https:\/\/humanitieslab.goucher.edu\/venezuela\/wp-content\/uploads\/sites\/28\/2024\/12\/image-295x300.png 295w\" sizes=\"auto, (max-width: 583px) 100vw, 583px\" \/><\/figure>\n\n\n\n<details class=\"wp-block-details is-layout-flow wp-block-details-is-layout-flow\"><summary><strong>Comenz\u00f3 en Venezuela con denuncias<\/strong> de <strong>Derrames petroleros<\/strong><\/summary>\n<p>derrame petrolero inaugur\u00f3 el a\u00f1o en materia ambiental en Venezuela<\/p>\n\n\n\n<p>dej\u00f3 manchas de l\u00edquido negro que se extendieron por m\u00e1s de 30 kil\u00f3metros cuadrados en el <strong>Lago de Maracaibo<\/strong><\/p>\n\n\n\n<p>la desidia del gobierno venezolano para incidir en la recuperaci\u00f3n de la infraestructura petrolera o sancionar a PDVSA ha sido responsable de que la situaci\u00f3n contin\u00fae.<\/p>\n\n\n\n<p>biodiversidad del ecosistema de estuario est\u00e1 en riesgo<\/p>\n\n\n\n<p>Lago Maracaibo tiene m\u00e1s de cinco meses chorreando<\/p>\n\n\n\n<p>Perjudican la salud humana y de otros animales<\/p>\n<\/details>\n\n\n<a class=\"wp-block-read-more\" href=\"https:\/\/humanitieslab.goucher.edu\/venezuela\/sample-page\/\" target=\"_self\"><a href=\"https:\/\/es.mongabay.com\/2023\/01\/2023-inicio-con-derrames-petroleros-en-lago-de-maracaibo-en-venezuela\/#:~:text=Tambi%C3%A9n%20enfatizaron%20en%20que%20la,que%20PDVSA%20repare%20sus%20da%C3%B1os\">https:\/\/es.mongabay.com\/2023\/01\/2023-inicio-con-derrames-petroleros-en-lago-de-maracaibo-en-venezuela\/#:~:text=Tamb<\/a><span class=\"screen-reader-text\">: Venezuela Geographia<\/span><\/a><\/blockquote>\n\n\n\n<h2 class=\"wp-block-heading\"><strong>Salto Angel<\/strong><\/h2>\n\n\n\n<blockquote class=\"wp-block-quote is-layout-flow wp-block-quote-is-layout-flow\">\n<p>The XYZ Doohickey Company was founded in 1971, and has been providing quality doohickeys to the public ever since. Located in Gotham City, XYZ employs over 2,000 people and does all kinds of awesome things for the Gotham community.<\/p>\n<\/blockquote>\n\n\n\n<blockquote class=\"wp-block-quote is-layout-flow wp-block-quote-is-layout-flow\">\n<p><img decoding=\"async\" width=\"381px;\" height=\"508px;\" src=\"https:\/\/lh7-rt.googleusercontent.com\/slidesz\/AGV_vUcxVb2gI24DV8gwuSFWte4GyM1UK-rub7a45EG6nqQws23kQc_7pmqE6qWOINMTkfzgnEXiyYn2vpdXfTkJUhb2fPm3i7dxNiMPPgqmI_kIlZRn-N7fstdqjyE5Wi08T2WVx3YE26pgRHwMtvbmUaeuxLkpuLib=nw?key=RtPq3t2gWS8n9wNTb8M31g\"><\/p>\n<\/blockquote>\n\n\n\n<p><img decoding=\"async\" width=\"271px;\" height=\"290px;\" src=\"https:\/\/lh7-rt.googleusercontent.com\/slidesz\/AGV_vUe8FvOD3LiujTGow94ZwEfKD257StnmPcQJ86ZqtJoQ7gtFRmlGmXYTfzXC87deZJt-05cDDVcB7M-73gE9ZlfdYs0xfFrSdX8z6N269nhG1QAZbXE2WIfQNlP3MLSHRODLXd4YrXnFgllch82cMlqEq3kcqluF=nw?key=RtPq3t2gWS8n9wNTb8M31g\"><\/p>\n\n\n\n<div class=\"wp-block-group alignfull has-contrast-color has-text-color has-link-color wp-elements-bfb0b0bbe96255c3c0c57f3ad22bcd2a is-content-justification-space-between is-layout-flex wp-container-core-group-is-layout-3f94fa88 wp-block-group-is-layout-flex\" style=\"padding-top:var(--wp--preset--spacing--30);padding-right:var(--wp--preset--spacing--30);padding-bottom:var(--wp--preset--spacing--30);padding-left:var(--wp--preset--spacing--30)\"><h1 class=\"wp-block-site-title has-large-font-size\"><a href=\"https:\/\/humanitieslab.goucher.edu\/venezuela\" target=\"_self\" rel=\"home\">Venezuela<\/a><\/h1>\n\n<nav class=\"has-large-font-size is-responsive items-justified-right wp-block-navigation is-content-justification-right is-layout-flex wp-container-core-navigation-is-layout-f665d2b5 wp-block-navigation-is-layout-flex\" aria-label=\"Navigation\" \n\t\t data-wp-interactive=\"core\/navigation\" data-wp-context='{\"overlayOpenedBy\":{\"click\":false,\"hover\":false,\"focus\":false},\"type\":\"overlay\",\"roleAttribute\":\"\",\"ariaLabel\":\"Menu\"}'><button aria-haspopup=\"dialog\" aria-label=\"Open menu\" class=\"wp-block-navigation__responsive-container-open\" \n\t\t\t\tdata-wp-on-async--click=\"actions.openMenuOnClick\"\n\t\t\t\tdata-wp-on--keydown=\"actions.handleMenuKeydown\"\n\t\t\t><svg width=\"24\" height=\"24\" xmlns=\"http:\/\/www.w3.org\/2000\/svg\" viewBox=\"0 0 24 24\" aria-hidden=\"true\" focusable=\"false\"><rect x=\"4\" y=\"7.5\" width=\"16\" height=\"1.5\" \/><rect x=\"4\" y=\"15\" width=\"16\" height=\"1.5\" \/><\/svg><\/button>\n\t\t\t\t<div class=\"wp-block-navigation__responsive-container\"  id=\"modal-1\" \n\t\t\t\tdata-wp-class--has-modal-open=\"state.isMenuOpen\"\n\t\t\t\tdata-wp-class--is-menu-open=\"state.isMenuOpen\"\n\t\t\t\tdata-wp-watch=\"callbacks.initMenu\"\n\t\t\t\tdata-wp-on--keydown=\"actions.handleMenuKeydown\"\n\t\t\t\tdata-wp-on-async--focusout=\"actions.handleMenuFocusout\"\n\t\t\t\ttabindex=\"-1\"\n\t\t\t>\n\t\t\t\t\t<div class=\"wp-block-navigation__responsive-close\" tabindex=\"-1\">\n\t\t\t\t\t\t<div class=\"wp-block-navigation__responsive-dialog\" \n\t\t\t\tdata-wp-bind--aria-modal=\"state.ariaModal\"\n\t\t\t\tdata-wp-bind--aria-label=\"state.ariaLabel\"\n\t\t\t\tdata-wp-bind--role=\"state.roleAttribute\"\n\t\t\t>\n\t\t\t\t\t\t\t<button aria-label=\"Close menu\" class=\"wp-block-navigation__responsive-container-close\" \n\t\t\t\tdata-wp-on-async--click=\"actions.closeMenuOnClick\"\n\t\t\t><svg xmlns=\"http:\/\/www.w3.org\/2000\/svg\" viewBox=\"0 0 24 24\" width=\"24\" height=\"24\" aria-hidden=\"true\" focusable=\"false\"><path d=\"m13.06 12 6.47-6.47-1.06-1.06L12 10.94 5.53 4.47 4.47 5.53 10.94 12l-6.47 6.47 1.06 1.06L12 13.06l6.47 6.47 1.06-1.06L13.06 12Z\"><\/path><\/svg><\/button>\n\t\t\t\t\t\t\t<div class=\"wp-block-navigation__responsive-container-content\" \n\t\t\t\tdata-wp-watch=\"callbacks.focusFirstElement\"\n\t\t\t id=\"modal-1-content\">\n\t\t\t\t\t\t\t\t<ul class=\"wp-block-navigation__container has-large-font-size is-responsive items-justified-right wp-block-navigation has-large-font-size\"><ul class=\"has-large-font-size wp-block-page-list\"><li class=\"wp-block-pages-list__item wp-block-navigation-item open-on-hover-click\"><a class=\"wp-block-pages-list__item__link wp-block-navigation-item__content\" href=\"https:\/\/humanitieslab.goucher.edu\/venezuela\/artefactos-de-venezuela\/\">Artefactos de Venezuela<\/a><\/li><li class=\"wp-block-pages-list__item wp-block-navigation-item open-on-hover-click\"><a class=\"wp-block-pages-list__item__link wp-block-navigation-item__content\" href=\"https:\/\/humanitieslab.goucher.edu\/venezuela\/historia\/\">Historia<\/a><\/li><li class=\"wp-block-pages-list__item wp-block-navigation-item open-on-hover-click\"><a class=\"wp-block-pages-list__item__link wp-block-navigation-item__content\" href=\"https:\/\/humanitieslab.goucher.edu\/venezuela\/musica-una-forma-de-la-litertura\/\">Mus\u00edca: una forma de la        litertura<\/a><\/li><li class=\"wp-block-pages-list__item wp-block-navigation-item open-on-hover-click menu-item-home\"><a class=\"wp-block-pages-list__item__link wp-block-navigation-item__content\" href=\"https:\/\/humanitieslab.goucher.edu\/venezuela\/\">Venezuela<\/a><\/li><li class=\"wp-block-pages-list__item wp-block-navigation-item open-on-hover-click\"><a class=\"wp-block-pages-list__item__link wp-block-navigation-item__content\" href=\"https:\/\/humanitieslab.goucher.edu\/venezuela\/sample-page\/\">Venezuela Geographia<\/a><\/li><\/ul><\/ul>\n\t\t\t\t\t\t\t<\/div>\n\t\t\t\t\t\t<\/div>\n\t\t\t\t\t<\/div>\n\t\t\t\t<\/div><\/nav><\/div>\n","protected":false},"excerpt":{"rendered":"<p>Lago de Maracaibo 2023 comenz\u00f3 en Venezuela con denuncias de al menos cinco derrames petroleros y fugas de gas en el Lago de Maracaibo, el m\u00e1s grande de Sudam\u00e9rica. Salto Angel The XYZ Doohickey Company was founded in 1971, and has been providing quality doohickeys to the public ever since. Located in Gotham City, XYZ [&hellip;]<\/p>\n","protected":false},"author":4,"featured_media":0,"parent":0,"menu_order":0,"comment_status":"closed","ping_status":"open","template":"","meta":{"_monsterinsights_skip_tracking":false,"_monsterinsights_sitenote_active":false,"_monsterinsights_sitenote_note":"","_monsterinsights_sitenote_category":0,"footnotes":""},"class_list":["post-2","page","type-page","status-publish","hentry"],"_links":{"self":[{"href":"https:\/\/humanitieslab.goucher.edu\/venezuela\/wp-json\/wp\/v2\/pages\/2","targetHints":{"allow":["GET"]}}],"collection":[{"href":"https:\/\/humanitieslab.goucher.edu\/venezuela\/wp-json\/wp\/v2\/pages"}],"about":[{"href":"https:\/\/humanitieslab.goucher.edu\/venezuela\/wp-json\/wp\/v2\/types\/page"}],"author":[{"embeddable":true,"href":"https:\/\/humanitieslab.goucher.edu\/venezuela\/wp-json\/wp\/v2\/users\/4"}],"replies":[{"embeddable":true,"href":"https:\/\/humanitieslab.goucher.edu\/venezuela\/wp-json\/wp\/v2\/comments?post=2"}],"version-history":[{"count":4,"href":"https:\/\/humanitieslab.goucher.edu\/venezuela\/wp-json\/wp\/v2\/pages\/2\/revisions"}],"predecessor-version":[{"id":105,"href":"https:\/\/humanitieslab.goucher.edu\/venezuela\/wp-json\/wp\/v2\/pages\/2\/revisions\/105"}],"wp:attachment":[{"href":"https:\/\/humanitieslab.goucher.edu\/venezuela\/wp-json\/wp\/v2\/media?parent=2"}],"curies":[{"name":"wp","href":"https:\/\/api.w.org\/{rel}","templated":true}]}}